what is -1 + -10110100000100101?
-10110100000100110
In base 3, what is 102102 + 1210122?
2020001
In base 2, what is 101011101011011101010 - 1000?
101011101011011100010
In base 14, what is a03 - -58?
a5b
In base 10, what is 11399 + -69?
11330
In base 7, what is -10 + -1024361?
-1024401
In base 14, what is 15319 - -4?
1531d
In base 9, what is -5 - -515872?
515866
In base 3, what is 1022010122000200 - 12?
1022010122000111
In base 11, what is -1272623 + 0?
-1272623
In base 6, what is -1333 + 232?
-1101
In base 13, what is -a572 - 1?
-a573
In base 12, what is -1313903 - 0?
-1313903
In base 8, what is -322566 + -2?
-322570
In base 13, what is -18578 - -29?
-1854c
In base 8, what is 12415571 - 1?
12415570
In base 2, what is -11011100 + -10010010110?
-10101110010
In base 5, what is 0 + 3241042?
3241042
In base 12, what is -58 - -2b757?
2b6bb
In base 2, what is 1110101101 - 101?
1110101000
In base 14, what is 62 + -26b?
-209
In base 12, what is -b78a3 + -2?
-b78a5
In base 6, what is -2 + 212041?
212035
In base 2, what is -111000 + -110100101?
-111011101
In base 14, what is 10 - -c570?
c580
In base 6, what is 242 - -20253?
20535
In base 4, what is 11 - -22320101?
22320112
In base 15, what is 8b + 227?
2b3
In base 9, what is -33885 + 2?
-33883
In base 14, what is 2 - -c305?
c307
In base 4, what is -12132 + -20010?
-32202
In base 3, what is -10121101 - 220?
-10122021
In base 9, what is -14 - 2381?
-2405
In base 9, what is 14 - -3887?
4012
In base 10, what is 2859 - 44?
2815
In base 5, what is -1 + 3000302?
3000301
In base 8, what is 3446644 + -2?
3446642
In base 9, what is -374 + -607?
-1082
In base 7, what is 60100 + 1?
60101
In base 4, what is -1020033322 + -13?
-1020100001
In base 15, what is 5 - 4c7d?
-4c78
In base 11, what is -2 + 25364?
25362
In base 7, what is 100350 + -3?
100344
In base 14, what is 5 + -3b396?
-3b391
In base 12, what is b0a6 + -100?
aba6
In base 15, what is -13 - 4ea8?
-4ebb
In base 2, what is 1101111 - -100000010011111?
100000100001110
In base 15, what is 3 - 1a538?
-1a535
In base 3, what is 2102100202 - 10?
2102100122
In base 9, what is -3 - -1407302?
1407288
In base 9, what is 41033 - -2?
41035
In base 5, what is -33 + -3344302?
-3344340
In base 10, what is -69 + -255?
-324
In base 8, what is -1 + -6205741?
-6205742
In base 13, what is 1 - -1759c?
175a0
In base 6, what is 22 - 41000?
-40534
In base 7, what is 4566251 - -6?
4566260
In base 6, what is -5310 - 130?
-5440
In base 6, what is -5 - -33055?
33050
In base 10, what is 4935095 - -5?
4935100
In base 3, what is -122011211 + -12101?
-122101012
In base 2, what is -101 + 10011101110010?
10011101101101
In base 3, what is -210 + 1222121102?
1222120122
In base 13, what is -280 + -a09?
-c89
In base 11, what is -126 - -4948?
4822
In base 12, what is 7 - 124a?
-1243
In base 4, what is 113 - 103311?
-103132
In base 8, what is 1 + 526003?
526004
In base 8, what is 26 + -55?
-27
In base 7, what is 3 - 146335?
-146332
In base 7, what is 0 - 122266?
-122266
In base 13, what is -3c9 - -360?
-69
In base 6, what is 2 + 42541?
42543
In base 4, what is -1 + -1321303100?
-1321303101
In base 13, what is a54 - 3?
a51
In base 12, what is 81829 - 1?
81828
In base 3, what is -10112210021 - -1?
-10112210020
In base 14, what is -27445 - 2?
-27447
In base 11, what is -156a - -126?
-1444
In base 14, what is 4 + -1a321?
-1a31b
In base 13, what is 0 + -11c8?
-11c8
In base 7, what is -1330 - 13061?
-14421
In base 16, what is 24fa - -13?
250d
In base 10, what is 11896 - -4?
11900
In base 13, what is -31 - 931?
-962
In base 3, what is -12001001220 - -111?
-12001001102
In base 13, what is 7 - 15b5a0?
-15b596
In base 4, what is 113320130 - -10?
113320200
In base 12, what is -1 + 152ba?
152b9
In base 16, what is -18 + -23fd?
-2415
In base 2, what is -1011000010 - 1010110?
-1100011000
In base 9, what is -722 - 167?
-1000
In base 9, what is -4056 + 6?
-4050
In base 2, what is -101 + -100011001001110010?
-100011001001110111
In base 12, what is -1aaa4 + -4?
-1aaa8
In base 12, what is 2528 + 1a?
2546
In base 3, what is -20100200212 + 111?
-20100200101
In base 8, what is 3043 + -1?
3042
In base 7, what is 33 - -123665?
124031
In base 15, what is -3 - 33343?
-33346
In base 4, what is 11 - 12211?
-12200
In base 15, what is -3ea - -75?
-375
In base 11, what is 9 - -49306?
49314
In base 16, what is 4790 - -85?
4815
In base 4, what is -2312301 + 21?
-2312220
In base 7, what is -36 + -521662?
-522031
In base 11, what is -3 - -36a6?
36a3
In base 13, what is 2 + 24b16?
24b18
In base 9, what is 120167 + 0?
120167
In base 11, what is -3 + 395a?
3957
In base 8, what is 2424551 + 5?
2424556
In base 3, what is 120001101212 + 2?
120001101221
In base 8, what is 246 + -22670?
-22422
In base 13, what is -10 + -206c?
-207c
In base 6, what is 4351 - -431?
5222
In base 2, what is -100010011100 + 11010100001?
-111111011
In base 15, what is 4b209 + 9?
4b213
In base 14, what is b - 597a1?
-59794
In base 2, what is 1000 + 10110010000?
10110011000
In base 2, what is 1101011000 - -101011?
1110000011
In base 6, what is 1312 + -2012?
-300
In base 8, what is -101245 + 0?
-101245
In base 12, what is 6a9 + -30?
679
In base 8, what is 10154127 - 4?
10154123
In base 15, what is 5 - -7c9b?
7ca1
In base 12, what is 6868 - 1?
6867
In base 2, what is -100010 + -1001101101?
-1010001111
In base 14, what is 49 - 594a?
-5901
In base 13, what is 2 + 302a7?
302a9
In base 16, what is -67 + -1f?
-86
In base 14, what is 0 + 4621?
4621
In base 8, what is 4 + -44673?
-44667
In base 13, what is 7a90 + -1a?
7a73
In base 6, what is 11 + -50422240?
-50422225
In base 10, what is 4 + -10231?
-10227
In base 14, what is -365d5 - 4?
-365d9
In base 6, what is 0 - -213231?
213231
In base 3, what is 122001200 + 12?
122001212
In base 11, what is 10184 - 5?
1017a
In base 2, what is -11000 - -11110001010?
11101110010
In base 6, what is 0 + 11554020?
11554020
In base 3, what is 1102102 + 11?
1102120
In base 14, what is 1 - -4b23?
4b24
In base 2, what is -1000010 + 100010011?
11010001
In base 11, what is -2 + -873205?
-873207
In base 16, what is 1771a - 5?
17715
In base 2, what is -1 + -110110000110?
-110110000111
In base 3, what is 2 + -2001001202?
-2001001200
In base 12, what is -81a - 22?
-840
In base 11, what is -353 - -236?
-118
In base 16, what is -80b7e + 2?
-80b7c
In base 7, what is -5205 - -1652?
-3223
In base 7, what is 200542 - 5?
200534
In base 11, what is 5 + 134a6a?
134a74
In base 8, what is -70323 + -117?
-70442
In base 12, what is 645b + 0?
645b
In base 14, what is 5051 - a?
5045
In base 5, what is 101 - 1334414?
-1334313
In base 16, what is 2e85b + 3?
2e85e
In base 9, what is -4 - -2210?
2205
In base 6, what is 253 + 41155?
41452
In base 8, what is 13472 + -23?
13447
In base 15, what is 138e - -2b0?
164e
In base 14, what is 19a + 175?
331
In base 14, what is 16 + -550?
-538
In base 6, what is -144404 + 20?
-144344
In base 10, what is -10 + 267?
257
In base 12, what is aa - bb2?
-b04
In base 9, what is -7170338 + 4?
-7170334
In base 3, what is -1002201111 + -1200?
-1002210011
In base 16, what is -a1 - -6?
-9b
In base 3, what is -10221 - 21000111?
-21011102
In base 4, what is 10120003122 - -10?
10120003132
In base 13, what is 4596a4 - 0?
4596a4
In base 2, what is -101 + 10001001111100011100?
10001001111100010111
In base 10, what is 3150819 - 5?
3150814
In base 14, what is -43 - -1513c?
150d9
In base 3, what is -10 - -1002201002?
1002200222
In base 3, what is -10 - -1021020121?
1021020111
In base 14, what is -167 - 78?
-201
In base 7, what is -65 + -103303?
-103401
In base 12, what is 11b6aa - -4?
11b6b2
In base 14, what is -54 - 6bb?
-731
In base 11, what is 78 - 84?
-7
In base 10, what is 2 + 105626?
105628
In base 9, what is 21 + -40403?
-40372
In base 16, what is 346 + 16?
35c
In base 13, what is 5 - 1b4a90?
-1b4a88
In base 8, what is -5 + 43235?
43230
In base 15, what is 4 - -5c06e?
5c073
In base 13, what is -52135 + -3?
-52138
In base 16, what is 47d + 9f?
51c
In base 6, what is -2 - -5422?
5420
In base 5, what is -202330 - -1013?
-201312
In base 6, what is -5 + 333540?
333531
In base 13, what is -c1 - 698?
-789
In base 8, what is 4 - -63746?
63752
In base 5, what is -241311 + -14?
-241330
In base 5, what is 2 + 114031000?
114031002
In base 8, what is -2 